f 982 and 2?
2
What is the greatest common divisor of 609 and 87?
87
What is the highest common divisor of 26 and 871?
13
What is the greatest common factor of 55 and 6226?
11
Calculate the highest common divisor of 28 and 21.
7
What is the highest common factor of 555 and 13690?
185
Calculate the highest common divisor of 246 and 150.
6
Calculate the highest common divisor of 78 and 130.
26
Calculate the highest common divisor of 62 and 372.
62
What is the highest common factor of 42717 and 174?
87
Calculate the greatest common factor of 391 and 46.
23
Calculate the highest common divisor of 40 and 4780.
20
What is the greatest common divisor of 90 and 1422?
18
What is the greatest common factor of 21 and 33?
3
What is the highest common divisor of 212 and 7526?
106
Calculate the greatest common factor of 4 and 1576.
4
Calculate the greatest common factor of 301 and 86.
43
What is the highest common divisor of 104 and 286?
26
What is the greatest common divisor of 160 and 14240?
160
What is the greatest common factor of 7 and 15757?
7
What is the greatest common divisor of 4136 and 748?
44
What is the highest common divisor of 345 and 45?
15
What is the highest common factor of 1457 and 329?
47
Calculate the greatest common divisor of 99 and 15862.
11
What is the highest common divisor of 413 and 4897?
59
What is the greatest common divisor of 371 and 212?
53
What is the highest common factor of 42 and 35?
7
What is the highest common divisor of 5 and 125?
5
Calculate the highest common divisor of 3149 and 1541.
67
What is the greatest common divisor of 432 and 32?
16
Calculate the highest common divisor of 280 and 105.
35
What is the highest common factor of 14122 and 230?
46
What is the greatest common factor of 4 and 89?
1
What is the greatest common factor of 104 and 169?
13
Calculate the greatest common factor of 11512 and 16.
8
Calculate the greatest common divisor of 18 and 28.
2
What is the highest common factor of 26 and 1040?
26
What is the greatest common factor of 14 and 2828?
14
What is the highest common factor of 328 and 23288?
328
Calculate the highest common factor of 675 and 20.
5
Calculate the highest common factor of 40 and 185.
5
Calculate the greatest common factor of 406 and 928.
58
Calculate the highest common divisor of 132 and 1683.
33
Calculate the highest common factor of 75 and 75.
75
Calculate the greatest common factor of 87 and 493.
29
Calculate the greatest common divisor of 16 and 272.
16
Calculate the greatest common divisor of 42537 and 33.
33
What is the greatest common factor of 201 and 7035?
201
What is the highest common divisor of 29 and 17342?
29
Calculate the greatest common divisor of 849 and 3.
3
What is the highest common divisor of 13 and 481?
13
What is the greatest common factor of 33 and 209?
11
What is the greatest common factor of 30 and 9670?
10
What is the greatest common divisor of 220 and 9625?
55
Calculate the greatest common factor of 28584 and 72.
72
What is the greatest common divisor of 114 and 627?
57
What is the highest common divisor of 296 and 8?
8
What is the highest common divisor of 40 and 664?
8
What is the greatest common factor of 2666 and 258?
86
Calculate the highest common divisor of 75 and 100.
25
What is the highest common divisor of 12 and 258?
6
What is the highest common factor of 69 and 1863?
69
Calculate the highest common factor of 28 and 112.
28
Calculate the greatest common factor of 22 and 44.
22
Calculate the highest common divisor of 170 and 102.
34
What is the highest common factor of 42 and 21?
21
Calculate the greatest common divisor of 105 and 21.
21
Calculate the greatest common divisor of 2021 and 1032.
43
What is the highest common factor of 97 and 6499?
97
Calculate the highest common divisor of 180 and 225.
45
What is the greatest common divisor of 166 and 1411?
83
Calculate the greatest common divisor of 497 and 14.
7
Calculate the greatest common divisor of 3740 and 22.
22
Calculate the greatest common factor of 2 and 8.
2
What is the highest common divisor of 273 and 252?
21
What is the greatest common divisor of 423 and 9?
9
What is the greatest common divisor of 1404 and 91?
13
Calculate the greatest common factor of 68 and 85.
17
Calculate the highest common divisor of 51 and 425.
17
What is the greatest common factor of 288 and 176?
16
Calculate the greatest common divisor of 30 and 210.
30
Calculate the greatest common divisor of 375 and 90.
15
Calculate the greatest common divisor of 445 and 10057.
89
What is the highest common factor of 1885 and 130?
65
Calculate the highest common factor of 150 and 4755.
15
What is the greatest common factor of 12 and 44?
4
What is the greatest common factor of 72 and 27?
9
What is the greatest common factor of 32 and 392?
8
What is the greatest common divisor of 135 and 25?
5
What is the greatest common divisor of 18 and 114?
6
What is the greatest common factor of 205 and 41?
41
What is the greatest common divisor of 1704 and 12?
12
Calculate the highest common factor of 262 and 262.
262
What is the greatest common divisor of 26 and 32?
2
What is the greatest common factor of 300 and 200?
100
What is the greatest common divisor of 99 and 19866?
33
What is the highest common factor of 6425 and 25?
25
Calculate the highest common factor of 1524 and 48.
12
What is the greatest common factor of 6205 and 340?
85
What is the highest common divisor of 80 and 50?
10
What is the highest common divisor of 477 and 212?
53
What is the highest common divisor of 98 and 56?
14
Calculate the highest common divisor of 168 and 36.
12
Calculate the greatest common divisor of 15 and 125.
5
What is the greatest common divisor of 28 and 448?
28
What is the highest common factor of 269 and 16409?
269
What is the greatest common divisor of 2076 and 12?
12
What is the highest common factor of 53 and 3869?
53
What is the greatest common divisor of 2684 and 427?
61
What is the highest common divisor of 232 and 841?
29
Calculate the greatest common divisor of 7 and 2863.
7
Calculate the highest common divisor of 165 and 75.
15
Calculate the highest common divisor of 2871 and 1.
1
What is the greatest common factor of 208 and 65?
13
What is the highest common factor of 60 and 2016?
12
Calculate the highest common factor of 4371 and 341.
31
Calculate the highest common factor of 714 and 1462.
34
Calculate the greatest common factor of 117 and 273.
39
Calculate the greatest common factor of 200 and 12150.
50
What is the greatest common divisor of 1 and 81?
1
Calculate the greatest common factor of 21 and 2688.
21
Calculate the highest common factor of 5 and 245.
5
What is the highest common factor of 1008 and 1575?
63
What is the greatest common divisor of 237 and 3239?
79
What is the greatest common divisor of 5256 and 216?
72
Calculate the highest common factor of 8 and 2048.
8
What is the highest common factor of 612 and 1404?
36
Calculate the highest common factor of 738 and 9.
9
Calculate the greatest common divisor of 3684 and 12.
12
What is the highest common factor of 460 and 20?
20
What is the greatest common factor of 4 and 3010?
2
Calculate the highest common divisor of 120 and 200.
40
What is the greatest common divisor of 963 and 36?
9
What is the greatest common factor of 53 and 54749?
53
What is the highest common factor of 12 and 15?
3
Calculate the highest common factor of 2321 and 11.
11
What is the highest common factor of 240 and 45?
15
Calculate the highest common factor of 826 and 42.
14
Calculate the greatest common divisor of 86 and 86.
86
Calculate the highest common divisor of 156 and 1664.
52
What is the highest common divisor of 35 and 1687?
7
What is the highest common factor of 1794 and 78?
78
Calculate the greatest common divisor of 204 and 12.
12
What is the greatest common divisor of 27045 and 15?
15
What is the greatest common divisor of 429 and 117?
39
Calculate the greatest common factor of 13 and 1781.
13
What is the highest common factor of 90 and 840?
30
Calculate the highest common factor of 78 and 26247.
39
Calculate the greatest common divisor of 1155 and 35.
35
Calculate the greatest common divisor of 15 and 50.
5
What is the greatest common divisor of 40 and 2120?
40
What is the highe